{"id":8731,"date":"2013-02-22T17:56:18","date_gmt":"2013-02-22T22:56:18","guid":{"rendered":"http:\/\/pages.vassar.edu\/rosso\/?page_id=8731"},"modified":"2016-05-24T18:17:39","modified_gmt":"2016-05-24T22:17:39","slug":"doc-48","status":"publish","type":"page","link":"https:\/\/pages.vassar.edu\/rosso\/catalogues\/documents\/doc-48\/","title":{"rendered":"DOC.48 May 26, 1541"},"content":{"rendered":"<p>Receipt of 570 livres tournois by Giuliano Buonacorsi, the executor of the will of Rosso, deceased canon of Ste. Chapelle and of Notre Dame of Paris, from the receiver of Paris, as ordered on May 23, 1541, this sum being part of 580 livres, ten of which went for taxes and the expenses of the receiver for the recovery of the money from the 1125 livres tournois that had been given to the receiver by Richard d\u2019Elb\u00e8ne, a Florentine merchant living in Paris, who had in his possession this sum belonging to the deceased Rosso.<\/p>\n<p>Paris, National Archives, Minutier Central, \u00c9tude XIX, 158.<\/p>\n<blockquote><p>Noble homme Julian de Bonacourcy, ou nom et comme commis de par le Roy, n. s., \u00e0 l\u2019ex\u00e9cution du testament et ordonnance de derni\u00e8re volunt\u00e9 de feu M<sup>e<\/sup> Raoul de Roux, en son vivant paintre dud. sgr. et chanioine de la Saincte Chappelle et de N. D. de Paris, confesse, suyvant certaine sentence donn\u00e9e ou Chastellet de Paris le lundi XXIII<sup>e<\/sup> jour de ce pr\u00e9sent moys de may, avoir eu et receu de noble homme M<sup>e<\/sup> Jenan Turquain, receveur ordinaire de Paris, \u00e0 ce pr\u00e9sent, qui luy a baill\u00e9 et pay\u00e9 comptant en la pr\u00e9sence des notaires soubzcriptz, la somme de cinq cens soixante et dix livres t. en deux cens cinquante trois escuz d\u2019or sol et quinze s. t. monnoye, faisnat partie de la somme de V<sup>c<\/sup> IIII<sup>xx<\/sup> livres t. \u00e0 luy ordonn\u00e9e suyvant le contenu de lad. senrtence escript de l\u2019autre part et pour les causes y contenues, et au regard des 10 livres t. faisans le parfacit desd. V<sup>c<\/sup> IIII<sup>xx<\/sup> livres t., sont demeruez \u00e8s mains dud. Turquain, c\u2019est assavoir C s.t. qui luy auroient est\u00e9 taxez par lad. sentence et autres C s.t. pour ses fraiz et mises par luy faitz et fraiez tant pour lad. sentence que \u00e0 cause du recouvrement de lad. somme, et icelle somme de V<sup>c<\/sup> IIII<sup>xx<\/sup> livres t., faisant partie de la somme de XI<sup>c<\/sup> XXXV livres t. qui auroit est\u00e9 mise \u00e8s mains dud. Turquain en d\u00e9post par justice par Richard d\u2019Elb\u00e8ne, marchant fleurantin dem. \u00e0 Paris, qu\u2019il avoit en sa possession, apartenenat aud. deffunct M<sup>e<\/sup> Roux, de laquelle somme de V<sup>c<\/sup> IIII<sup>xx<\/sup> livres t. led. de Bonacourcy se tient pour content et bien pay\u00e9 et en a quict\u00e9 et quicte et promect acquicter led. Turquain, receveur susd., envers et contre tous, et partant autre quictance semblable \u00e0 ceste escripte au doz desd. lettres et sentence qui sont demourez par devers led. Turquain pour sa descharge et ceste pr\u00e9sent ne serviront que pour une seulle et mesme quictance.\u00a0 Promettant, obligeant et renon\u00e7ant Fait et pass\u00e9 l\u2019an mil V<sup>c<\/sup> XLI, le jeudi XXVI<sup>e<\/sup> jour de may.<a href=\"#endref1\"><sup>1<\/sup><\/a><\/p><\/blockquote>\n<div><br clear=\"all\" \/><\/p>\n<hr align=\"left\" size=\"1\" width=\"33%\" \/>\n<div><a name=\"endref1\"><\/a><sup>1<\/sup> Roy, 1920, 87, 90-91 (1929, 151-152, 154), transcribed.\u00a0 Roy noted that the sentence of May 23, 1541, mentioned here is not transcribed at the end of the document.\u00a0 Venturi, IX, 5, 1932, 200, mentioned, but with a mistaken reference to Francesco Pellegrini, who is not mentioned in the document.\u00a0 Grodecki, 1975, 110, n. 2, mentioned.<\/div>\n<\/div>\n","protected":false},"excerpt":{"rendered":"<p>Receipt of 570 livres tournois by Giuliano Buonacorsi, the executor of the will of Rosso, deceased canon of Ste. Chapelle and of Notre Dame of Paris, from the receiver of Paris, as ordered on May 23, 1541, this sum being part of 580 livres, ten of which went for taxes and the expenses of the [&hellip;]<\/p>\n","protected":false},"author":13,"featured_media":0,"parent":822,"menu_order":70,"comment_status":"closed","ping_status":"closed","template":"","meta":{"footnotes":""},"class_list":["post-8731","page","type-page","status-publish","hentry"],"_links":{"self":[{"href":"https:\/\/pages.vassar.edu\/rosso\/wp-json\/wp\/v2\/pages\/8731","targetHints":{"allow":["GET"]}}],"collection":[{"href":"https:\/\/pages.vassar.edu\/rosso\/wp-json\/wp\/v2\/pages"}],"about":[{"href":"https:\/\/pages.vassar.edu\/rosso\/wp-json\/wp\/v2\/types\/page"}],"author":[{"embeddable":true,"href":"https:\/\/pages.vassar.edu\/rosso\/wp-json\/wp\/v2\/users\/13"}],"replies":[{"embeddable":true,"href":"https:\/\/pages.vassar.edu\/rosso\/wp-json\/wp\/v2\/comments?post=8731"}],"version-history":[{"count":6,"href":"https:\/\/pages.vassar.edu\/rosso\/wp-json\/wp\/v2\/pages\/8731\/revisions"}],"predecessor-version":[{"id":9949,"href":"https:\/\/pages.vassar.edu\/rosso\/wp-json\/wp\/v2\/pages\/8731\/revisions\/9949"}],"up":[{"embeddable":true,"href":"https:\/\/pages.vassar.edu\/rosso\/wp-json\/wp\/v2\/pages\/822"}],"wp:attachment":[{"href":"https:\/\/pages.vassar.edu\/rosso\/wp-json\/wp\/v2\/media?parent=8731"}],"curies":[{"name":"wp","href":"https:\/\/api.w.org\/{rel}","templated":true}]}}