{"id":8663,"date":"2013-02-22T17:41:46","date_gmt":"2013-02-22T22:41:46","guid":{"rendered":"http:\/\/pages.vassar.edu\/rosso\/?page_id=8663"},"modified":"2016-05-24T18:24:15","modified_gmt":"2016-05-24T22:24:15","slug":"doc-16","status":"publish","type":"page","link":"https:\/\/pages.vassar.edu\/rosso\/catalogues\/documents\/doc-16\/","title":{"rendered":"DOC.16 October 1 &#8211; December 31, 1531"},"content":{"rendered":"<p>Payment for the rent of Rosso\u2019s house in Paris in these four months, for the furnishing of it, and for the model of a tomb.<\/p>\n<p>Paris, National Archives, J.960<sup>1<\/sup>, no. 48.<\/p>\n<blockquote><p><i>Roolle d\u2019aucunes exp\u00e9ditions command\u00e9es par le Roy<\/i><\/p>\n<p>Et premi\u00e8rement\u2026\u2026\u2026\u2026\u2026\u2026\u2026\u2026\u2026\u2026\u2026\u2026\u2026\u2026\u2026\u2026\u2026\u2026\u2026\u2026\u2026\u2026\u2026\u2026\u2026.<\/p>\n<p>\u2026\u2026\u2026\u2026\u2026\u2026\u2026\u2026\u2026\u2026\u2026\u2026\u2026\u2026\u2026\u2026\u2026\u2026\u2026\u2026\u2026\u2026\u2026\u2026\u2026\u2026\u2026\u2026\u2026\u2026\u2026\u2026\u2026\u2026\u2026\u2026\u2026\u2026<\/p>\n<p>Acquict au tr\u00e9sorier de Prouvence pour retenir par ses mains des deniers de sad. recepte du quartier d\u2019octobre, novembre et d\u00e9cembre, la somme de neuf cens dix sept livres cinq solz t. pour son remboursement, c\u2019est assavoir IIII<sup>c<\/sup>XX 1. pour le louage d\u2019une maison lou\u00e9e \u00e0 Paris pour la demourance de m<sup>e<\/sup> Roux, painctre, II<sup>c<\/sup> IIII<sup>cc<\/sup> XVII 1. V s. pour l\u2019amesnagement de lad. maison et II<sup>c<\/sup> 1. t. payez aud. m<sup>e<\/sup> Roux pour ung model d\u2019une s\u00e9pulture, le tout par mandement verbal du Roy. IX<sup>c<\/sup> XVII 1. V s.<\/p>\n<p align=\"right\">FRANCOYS<a href=\"#endref1\"><sup>1<\/sup><\/a><\/p>\n<\/blockquote>\n<div><br clear=\"all\" \/><\/p>\n<hr align=\"left\" size=\"1\" width=\"33%\" \/>\n<div>\n<p><a name=\"endref1\"><\/a><sup>1<\/sup> <i>Actes de Francois I<sup>er<\/sup><\/i>, XVII, 1896, 648, no. 27982, undated.\u00a0 Roy, 1921 (1929, 138-139), as datable within the stated period because of the context of dated documents in which it is found.\u00a0 It cannot be earlier because there is no record that Rosso was in France before November 1530 (see <a href=\"http:\/\/pages.vassar.edu\/rosso\/catalogues\/documents\/doc-15\/\">DOC.15<\/a>).\u00a0 Roy, 1923 (1929, 125), mentioned.<\/p>\n<\/div>\n<\/div>\n","protected":false},"excerpt":{"rendered":"<p>Payment for the rent of Rosso\u2019s house in Paris in these four months, for the furnishing of it, and for the model of a tomb. Paris, National Archives, J.9601, no. 48. Roolle d\u2019aucunes exp\u00e9ditions command\u00e9es par le Roy Et premi\u00e8rement\u2026\u2026\u2026\u2026\u2026\u2026\u2026\u2026\u2026\u2026\u2026\u2026\u2026\u2026\u2026\u2026\u2026\u2026\u2026\u2026\u2026\u2026\u2026\u2026\u2026. \u2026\u2026\u2026\u2026\u2026\u2026\u2026\u2026\u2026\u2026\u2026\u2026\u2026\u2026\u2026\u2026\u2026\u2026\u2026\u2026\u2026\u2026\u2026\u2026\u2026\u2026\u2026\u2026\u2026\u2026\u2026\u2026\u2026\u2026\u2026\u2026\u2026\u2026 Acquict au tr\u00e9sorier de Prouvence pour retenir par ses mains des deniers de sad. [&hellip;]<\/p>\n","protected":false},"author":13,"featured_media":0,"parent":822,"menu_order":33,"comment_status":"closed","ping_status":"closed","template":"","meta":{"footnotes":""},"class_list":["post-8663","page","type-page","status-publish","hentry"],"_links":{"self":[{"href":"https:\/\/pages.vassar.edu\/rosso\/wp-json\/wp\/v2\/pages\/8663","targetHints":{"allow":["GET"]}}],"collection":[{"href":"https:\/\/pages.vassar.edu\/rosso\/wp-json\/wp\/v2\/pages"}],"about":[{"href":"https:\/\/pages.vassar.edu\/rosso\/wp-json\/wp\/v2\/types\/page"}],"author":[{"embeddable":true,"href":"https:\/\/pages.vassar.edu\/rosso\/wp-json\/wp\/v2\/users\/13"}],"replies":[{"embeddable":true,"href":"https:\/\/pages.vassar.edu\/rosso\/wp-json\/wp\/v2\/comments?post=8663"}],"version-history":[{"count":10,"href":"https:\/\/pages.vassar.edu\/rosso\/wp-json\/wp\/v2\/pages\/8663\/revisions"}],"predecessor-version":[{"id":11999,"href":"https:\/\/pages.vassar.edu\/rosso\/wp-json\/wp\/v2\/pages\/8663\/revisions\/11999"}],"up":[{"embeddable":true,"href":"https:\/\/pages.vassar.edu\/rosso\/wp-json\/wp\/v2\/pages\/822"}],"wp:attachment":[{"href":"https:\/\/pages.vassar.edu\/rosso\/wp-json\/wp\/v2\/media?parent=8663"}],"curies":[{"name":"wp","href":"https:\/\/api.w.org\/{rel}","templated":true}]}}