{"id":8636,"date":"2013-02-22T17:35:23","date_gmt":"2013-02-22T22:35:23","guid":{"rendered":"http:\/\/pages.vassar.edu\/rosso\/?page_id=8636"},"modified":"2016-05-24T18:26:19","modified_gmt":"2016-05-24T22:26:19","slug":"doc-6","status":"publish","type":"page","link":"https:\/\/pages.vassar.edu\/rosso\/catalogues\/documents\/doc-6\/","title":{"rendered":"DOC.6 Florence, December 1, 1518"},"content":{"rendered":"<p>Rosso not having paid his debt or fine of 2 soldi for each lira owed, the court finds him guilty of not obeying its orders and fines him another 2 soldi for each lira owed; furthermore it orders the announcement of his guilt and fines throughout Florence. (See under <a href=\"http:\/\/pages.vassar.edu\/rosso\/catalogues\/documents\/doc-5\/\">DOC.5<\/a> repetition, dated December 1, 1518, of the document of November 24 with an added last sentence related to the last sentence of DOC.6.)<\/p>\n<blockquote><p>Die Mercurii prima Decembris 1518<\/p>\n<p>Ad petitione del detto Iacopo di ser Lionardo da Cholle, cittadino fiorentino, Gobbo, messo di detta Corte, rapport\u00f2 a detto Signor uffitiale et corte et a me notaio infrascritto, s\u00e9 di licentia di detto Signori uffitiale et corte, essere ito et havere richiesto detto Baptista di Iacopo, vocato Rosso, dipintore, a vedere comandare el bando a qualunche banditore del Comune di Firenze, et a vedere fare ogni atto intorno ad ci\u00f2 necessario et alla casa della solita habitatione et dove habita detto Baptista quando \u00e8 nella citt\u00e0, contado et distrecto di Firenze, et alla piazza et luoghi publici debiti et consueti della citt\u00e0 di Firenze, et dinanzi alla porta della presente universit\u00e0, tutto con dimissione di cedola secondo gli ordini etc.\u00a0 Ad petitione del detto Iacopo di ser Lionardo da Cholle, el detto Signor uffitiale sedente pro tribunali dove et come di sopra, veduto et considerato una petitione et accusa di soldi due per lira, data et facta in detta Corte per detto Iacopo da Cholle insino add\u00ec 5 del mese di novembre proximo passato o altro pi\u00f9 vero d\u00ec, contro decto Baptista di Iacopo dipintore.\u00a0 Et veduto uno termine di d\u00ec dieci proximi futuri assegniato al detto Baptista in detta causa, sotto il d\u00ec [<i>blank<\/i>] a dare et paghare al detto Iacopo&#8230;Et veduto un altro termine di d\u00ec cinque, assegnato al detto Baptista per detto signor uffitiale come di sopra, sotto d\u00ec 17 sopra del detto mese di novembre proxime passato&#8230;Et veduto un altro termine di d\u00ec 3 assegniato al detto Baptista&#8230; sotto d\u00ec 24 del detto mese di novembre, o altro pi\u00f9 vero d\u00ec.\u00a0 Et veduto la contumacia et inobedientia di detto Baptista, et atteso lo stile et consuetudine della predetta Corte in simili casi et cause; et veduto la forma della ragione statuti et ordini et tutto ci\u00f2 che fu et \u00e8 stato da vedere et considerare.\u00a0 Commisse, impose et chomand\u00f2 a Rossino di Benedetto, publicho banditore et precone del Commune di Firenze&#8230;vadia in et per la citt\u00e0 di Firenze et ne\u2019 luoghi et pe\u2019 luoghi debiti et consueti di quella&#8230;el suono della tromba premesso, ad alta et intelligible voce et voce precona bandischa&#8230; il detto Baptista condennato in soldi due per lira et detta petitione et accusa di soldi dua per lira &#8230;El quale Rossino&#8230;rapport\u00f2 al detto Signor uffitiale et Corte&#8230;havere sbandito et in bando posto el detto Baptista di Iacopo, dipintore, condennato in soldi due per lire&#8230;<a href=\"#endref1\"><sup>1<\/sup><\/a><\/p><\/blockquote>\n<div><br clear=\"all\" \/><\/p>\n<hr align=\"left\" size=\"1\" width=\"33%\" \/>\n<div>\n<p><a name=\"endref1\"><\/a><sup>1<\/sup> This document was published in Franklin, 1987, 662, Appendix B; and in 1994, 52, 275-276, n. 65, 301-302, Appendix B, DOCUMENT 8, 316; here only very slightly corrected by Gino Corti.\u00a0 Franklin points out that the house where the court of the Mercanzia tried to fine Rosso would probably be the one he rented 30 June 1518 (<a href=\"http:\/\/pages.vassar.edu\/rosso\/catalogues\/documents\/doc-2a\/\">DOC.2a<\/a>).<\/p>\n<\/div>\n<\/div>\n","protected":false},"excerpt":{"rendered":"<p>Rosso not having paid his debt or fine of 2 soldi for each lira owed, the court finds him guilty of not obeying its orders and fines him another 2 soldi for each lira owed; furthermore it orders the announcement of his guilt and fines throughout Florence. (See under DOC.5 repetition, dated December 1, 1518, [&hellip;]<\/p>\n","protected":false},"author":13,"featured_media":0,"parent":822,"menu_order":16,"comment_status":"closed","ping_status":"closed","template":"","meta":{"footnotes":""},"class_list":["post-8636","page","type-page","status-publish","hentry"],"_links":{"self":[{"href":"https:\/\/pages.vassar.edu\/rosso\/wp-json\/wp\/v2\/pages\/8636","targetHints":{"allow":["GET"]}}],"collection":[{"href":"https:\/\/pages.vassar.edu\/rosso\/wp-json\/wp\/v2\/pages"}],"about":[{"href":"https:\/\/pages.vassar.edu\/rosso\/wp-json\/wp\/v2\/types\/page"}],"author":[{"embeddable":true,"href":"https:\/\/pages.vassar.edu\/rosso\/wp-json\/wp\/v2\/users\/13"}],"replies":[{"embeddable":true,"href":"https:\/\/pages.vassar.edu\/rosso\/wp-json\/wp\/v2\/comments?post=8636"}],"version-history":[{"count":12,"href":"https:\/\/pages.vassar.edu\/rosso\/wp-json\/wp\/v2\/pages\/8636\/revisions"}],"predecessor-version":[{"id":12016,"href":"https:\/\/pages.vassar.edu\/rosso\/wp-json\/wp\/v2\/pages\/8636\/revisions\/12016"}],"up":[{"embeddable":true,"href":"https:\/\/pages.vassar.edu\/rosso\/wp-json\/wp\/v2\/pages\/822"}],"wp:attachment":[{"href":"https:\/\/pages.vassar.edu\/rosso\/wp-json\/wp\/v2\/media?parent=8636"}],"curies":[{"name":"wp","href":"https:\/\/api.w.org\/{rel}","templated":true}]}}