{"id":7805,"date":"2012-12-11T17:28:09","date_gmt":"2012-12-11T22:28:09","guid":{"rendered":"http:\/\/pages.vassar.edu\/rosso\/?page_id=7805"},"modified":"2015-08-19T15:21:24","modified_gmt":"2015-08-19T19:21:24","slug":"l-36","status":"publish","type":"page","link":"https:\/\/pages.vassar.edu\/rosso\/catalogues\/lost-works\/l-36\/","title":{"rendered":"L.36 A Large Painting for Francis I"},"content":{"rendered":"<p>1530 &#8211; 1531<\/p>\n<p>In the record of payment to Rosso for his livelihood in November and December 1530 and from January through July 1531 (<a href=\"http:\/\/pages.vassar.edu\/rosso\/catalogues\/documents\/doc-15\/\">DOC.15<\/a>) it is mentioned that \u201cdurant lequel temps il a faict un grant tableau pour le Roy.\u201d\u00a0 The same document indicates that a frame for this painting (\u201cbois et entretailleure d\u2019icelluy tableau\u201d) was carved by Francesco Scibec de Carpi, which was gilt (\u201cfa\u00e7on dud. aornement de bois\u201d) by Jehan Poulletier.\u00a0 Archangelle de Platte was paid to crate the picture and ship it to Fontainebleau.<\/p>\n<p>Jehan Poulletier\u2019s work is also recorded in the following document of payment of 8 July 1531:<\/p>\n<p>Min. de Guillaume Payen, notaire au Ch\u00e2telet de Paris:<\/p>\n<blockquote>\n<p>\u201c8 juillet 1531. &#8211; Jehan Poulletier, paintre dem. a Paris rue de la Vennerie, confesse avoir convenu et marchand\u00e9 a noble homme M<sup>e<\/sup> Julian de Bonacourcy, tr\u00e9sorier et receveur g<sup>al<\/sup> de Provence, a ce pr\u00e9sent, de dorer bien et deument de fin or, comme il apartient, une grande bordure et ornement de tableau fait pour le Roy, nostre Sire, fors les costez de dehors, selon le devis fait entre eulx, et icelle grant bordure et aornement promect rendre et delivrer bien et deument dor\u00e9, comme dit est, aud. Bonacourcy dedans le dix-septi\u00e8me jour de ce pr\u00e9sent moys de Juillet, moy<sup>t<\/sup> le pris et somme de Six vingts livres t&#8230; Fait et pass\u00e9 double l\u2019an mil V<sup>c<\/sup> trente et ung le samedi VIII<sup>e<\/sup> jour de juillet. &#8211; G. Payen.\u201d<a href=\"#endref1\"><sup>1<\/sup><\/a><\/p>\n<\/blockquote>\n<p>Roy believed that the picture mentioned in this document was a painted copy by Rosso of Michelangelo\u2019s <i>Leda<\/i> but that painting and its cartoon did not arrive in France until early 1532, and although Rosso did make a copy of Michelangelo\u2019s cartoon around 1538 (<a href=\"http:\/\/pages.vassar.edu\/rosso\/files\/2011\/12\/D.74a-Leda.jpg\" target=\"_blank\">Fig.D.74a<\/a>), there is no sure evidence that he executed a painting of this subject.\u00a0 Venturi, IX, 5, 1932, 196, mentions the documents related to Rosso\u2019s lost picture as having been erroneously connected to a copy of Michelangelo\u2019s <i>Leda<\/i>, which, he points out, had not yet arrived in France.\u00a0 Cox-Rearick, 1972, 35, believes it may have been a picture painted from Rosso\u2019s <i>Mars and Venus<\/i> drawing.\u00a0 This is possible, especially as this drawing was specifically made for the king who, partly on the basis, apparently, of his pleasure with it, invited Rosso to France.\u00a0 But there is no evidence from the sixteenth century that Rosso executed such a painting.\u00a0 The one picture of this subject ascribed to him in the seventeenth century is referred to by Cassiano del Pozzo as \u201cun quadretto\u201d and by Dan as \u201cen petit,\u201d hardly, then, the \u201cgrant tableau\u201d executed in 1530-1531.\u00a0 For the suggestion that the large painting may have been Rosso\u2019s lost <i>Judith<\/i> known from Boyvin\u2019s engraving, see <a href=\"http:\/\/pages.vassar.edu\/rosso\/catalogues\/engravings\/e-7-boyvin-judith\/\">E.7<\/a>, <a href=\"http:\/\/pages.vassar.edu\/rosso\/catalogues\/lost-works\/l-35\/\">L.35<\/a>, and Carroll, 1987, 182, n. 7, under no. 59.\u00a0 It is possible that the frame for the \u201cgrant tableau\u201d carved by Francesco Scibec was designed by Rosso; see <a href=\"http:\/\/pages.vassar.edu\/rosso\/catalogues\/lost-works\/l-38\/\">L.38<\/a> for the frame Rosso\u00a0designed for Michelangelo\u2019s <i>Leda<\/i>.<\/p>\n<p>&nbsp;<\/p>\n<div>\n<hr align=\"left\" size=\"1\" width=\"33%\" \/>\n<div>\n<p><a name=\"endref1\"><\/a><sup>1<\/sup> Unchecked, from Roy, 1923 (1929, 125, n. 1).<\/p>\n<\/div>\n<\/div>\n","protected":false},"excerpt":{"rendered":"<p>1530 &#8211; 1531 In the record of payment to Rosso for his livelihood in November and December 1530 and from January through July 1531 (DOC.15) it is mentioned that \u201cdurant lequel temps il a faict un grant tableau pour le Roy.\u201d\u00a0 The same document indicates that a frame for this painting (\u201cbois et entretailleure d\u2019icelluy [&hellip;]<\/p>\n","protected":false},"author":13,"featured_media":0,"parent":826,"menu_order":39,"comment_status":"closed","ping_status":"closed","template":"","meta":{"footnotes":""},"class_list":["post-7805","page","type-page","status-publish","hentry"],"_links":{"self":[{"href":"https:\/\/pages.vassar.edu\/rosso\/wp-json\/wp\/v2\/pages\/7805","targetHints":{"allow":["GET"]}}],"collection":[{"href":"https:\/\/pages.vassar.edu\/rosso\/wp-json\/wp\/v2\/pages"}],"about":[{"href":"https:\/\/pages.vassar.edu\/rosso\/wp-json\/wp\/v2\/types\/page"}],"author":[{"embeddable":true,"href":"https:\/\/pages.vassar.edu\/rosso\/wp-json\/wp\/v2\/users\/13"}],"replies":[{"embeddable":true,"href":"https:\/\/pages.vassar.edu\/rosso\/wp-json\/wp\/v2\/comments?post=7805"}],"version-history":[{"count":11,"href":"https:\/\/pages.vassar.edu\/rosso\/wp-json\/wp\/v2\/pages\/7805\/revisions"}],"predecessor-version":[{"id":11616,"href":"https:\/\/pages.vassar.edu\/rosso\/wp-json\/wp\/v2\/pages\/7805\/revisions\/11616"}],"up":[{"embeddable":true,"href":"https:\/\/pages.vassar.edu\/rosso\/wp-json\/wp\/v2\/pages\/826"}],"wp:attachment":[{"href":"https:\/\/pages.vassar.edu\/rosso\/wp-json\/wp\/v2\/media?parent=7805"}],"curies":[{"name":"wp","href":"https:\/\/api.w.org\/{rel}","templated":true}]}}